{"id":12193,"date":"2022-05-01T17:19:44","date_gmt":"2022-05-01T22:19:44","guid":{"rendered":"https:\/\/espigatel.co\/tienda\/?post_type=product&#038;p=12193"},"modified":"2026-03-27T23:00:18","modified_gmt":"2026-03-28T04:00:18","slug":"camara-dahua-imou-domo-ranger-2-wifi-2mp","status":"publish","type":"product","link":"https:\/\/espigatel.co\/tienda\/producto\/camara-dahua-imou-domo-ranger-2-wifi-2mp\/","title":{"rendered":"C\u00e1mara Dahua Imou Domo Ranger 2 WIFI 2MP"},"content":{"rendered":"<p>Esta c\u00e1mara posee inteligencia para detectar humanos autom\u00e1ticamente y seguirlos, posee comunicaci\u00f3n bidireccional, de modo que es posible hablarle al objetivo detectado y seguido Rango de visi\u00f3n. El rango de rotaci\u00f3n de la c\u00e1mara permite tener una visi\u00f3n global del espacio, sin puntos ciegos. Smart Tracking. Cuando la c\u00e1mara detecta movimiento realiza un seguimiento y registro de manera autom\u00e1tica. Detecci\u00f3n de sonidos anormales. Env\u00eda alertas instant\u00e1neas al celular del usuario cada vez que detecta sonidos anormales como el llanto de un beb\u00e9, para mantener al usuario informado de lo que pasa en su hogar desde cualquier lugar. Protecci\u00f3n las 24 horas del d\u00eda. El modo de visi\u00f3n nocturna de la IPC-A22EN-IMOU se activa autom\u00e1ticamente, para obtener una imagen n\u00edtida incluso en la mitad de la noche. Sirena. La c\u00e1mara cuenta con una sirena integrada para ahuyentar a invasores potenciales. Modo privado. El modo privado puede ser activado por el usuario desde su celular para ocultar el lente de la c\u00e1mara mientras este en casa. Comunicaci\u00f3n de doble v\u00eda. La c\u00e1mara incorpora un micr\u00f3fono y un parlante que el usuario puede activar desde su celular para comunicarse con sus seres queridos o disuadir a invasores. Medios de Almacenamiento. El metraje capturado por la c\u00e1mara cuenta con soporte para ser almacenado en diferentes medios como Tarjeta micro SD, NVR o Almacenamiento en la nube. La c\u00e1mara soporta grabaciones de metraje 7 d\u00edas a la semana, las 24 horas del d\u00eda.<\/p>\n","protected":false},"excerpt":{"rendered":"<p>Esta c\u00e1mara posee inteligencia para detectar humanos autom\u00e1ticamente y seguirlos, posee comunicaci\u00f3n bidireccional, de modo que es posible hablarle al&hellip;<\/p>\n","protected":false},"featured_media":12194,"comment_status":"open","ping_status":"closed","template":"","meta":{"spay_email":""},"product_cat":[105],"product_tag":[],"class_list":["post-12193","product","type-product","status-publish","has-post-thumbnail","hentry","product_cat-camaras-de-vigilancia"],"_links":{"self":[{"href":"https:\/\/espigatel.co\/tienda\/wp-json\/wp\/v2\/product\/12193","targetHints":{"allow":["GET"]}}],"collection":[{"href":"https:\/\/espigatel.co\/tienda\/wp-json\/wp\/v2\/product"}],"about":[{"href":"https:\/\/espigatel.co\/tienda\/wp-json\/wp\/v2\/types\/product"}],"replies":[{"embeddable":true,"href":"https:\/\/espigatel.co\/tienda\/wp-json\/wp\/v2\/comments?post=12193"}],"version-history":[{"count":4,"href":"https:\/\/espigatel.co\/tienda\/wp-json\/wp\/v2\/product\/12193\/revisions"}],"predecessor-version":[{"id":12205,"href":"https:\/\/espigatel.co\/tienda\/wp-json\/wp\/v2\/product\/12193\/revisions\/12205"}],"wp:featuredmedia":[{"embeddable":true,"href":"https:\/\/espigatel.co\/tienda\/wp-json\/wp\/v2\/media\/12194"}],"wp:attachment":[{"href":"https:\/\/espigatel.co\/tienda\/wp-json\/wp\/v2\/media?parent=12193"}],"wp:term":[{"taxonomy":"product_cat","embeddable":true,"href":"https:\/\/espigatel.co\/tienda\/wp-json\/wp\/v2\/product_cat?post=12193"},{"taxonomy":"product_tag","embeddable":true,"href":"https:\/\/espigatel.co\/tienda\/wp-json\/wp\/v2\/product_tag?post=12193"}],"curies":[{"name":"wp","href":"https:\/\/api.w.org\/{rel}","templated":true}]}}